sands digit of 41855?
1
What is the hundreds digit of 743?
7
What is the units digit of 1124?
4
What is the tens digit of 5818?
1
What is the ten thousands digit of 91510?
9
What is the thousands digit of 27268?
7
What is the hundred thousands digit of 109824?
1
What is the tens digit of 22670?
7
What is the ten thousands digit of 53431?
5
What is the hundreds digit of 1932?
9
What is the tens digit of 8296?
9
What is the ten thousands digit of 96820?
9
What is the units digit of 3583?
3
What is the hundreds digit of 4215?
2
What is the tens digit of 8606?
0
What is the thousands digit of 6551?
6
What is the hundreds digit of 10813?
8
What is the units digit of 1763?
3
What is the units digit of 132977?
7
What is the thousands digit of 2222?
2
What is the thousands digit of 46234?
6
What is the thousands digit of 2716?
2
What is the ten thousands digit of 29503?
2
What is the tens digit of 787?
8
What is the thousands digit of 89087?
9
What is the hundreds digit of 9603?
6
What is the hundreds digit of 69766?
7
What is the units digit of 4355?
5
What is the thousands digit of 4659?
4
What is the tens digit of 983?
8
What is the units digit of 481?
1
What is the hundreds digit of 180?
1
What is the thousands digit of 36866?
6
What is the thousands digit of 15556?
5
What is the units digit of 149?
9
What is the thousands digit of 3043?
3
What is the thousands digit of 2173?
2
What is the hundreds digit of 109?
1
What is the units digit of 4682?
2
What is the hundreds digit of 10467?
4
What is the tens digit of 905?
0
What is the hundreds digit of 79989?
9
What is the thousands digit of 98078?
8
What is the hundreds digit of 9620?
6
What is the thousands digit of 45071?
5
What is the hundred thousands digit of 116292?
1
What is the units digit of 52616?
6
What is the tens digit of 6432?
3
What is the hundreds digit of 4313?
3
What is the units digit of 69605?
5
What is the hundreds digit of 6969?
9
What is the hundreds digit of 6584?
5
What is the thousands digit of 43001?
3
What is the tens digit of 1560?
6
What is the thousands digit of 3142?
3
What is the tens digit of 2690?
9
What is the thousands digit of 9446?
9
What is the tens digit of 1202?
0
What is the hundreds digit of 222?
2
What is the ten thousands digit of 18898?
1
What is the thousands digit of 4032?
4
What is the hundreds digit of 13281?
2
What is the units digit of 893?
3
What is the thousands digit of 1592?
1
What is the thousands digit of 1174?
1
What is the hundreds digit of 114771?
7
What is the hundreds digit of 5433?
4
What is the ten thousands digit of 24831?
2
What is the units digit of 118057?
7
What is the thousands digit of 3687?
3
What is the units digit of 17746?
6
What is the hundreds digit of 1848?
8
What is the tens digit of 3362?
6
What is the units digit of 7675?
5
What is the tens digit of 4390?
9
What is the tens digit of 151?
5
What is the units digit of 1137?
7
What is the hundreds digit of 1226?
2
What is the tens digit of 853?
5
What is the hundreds digit of 171?
1
What is the hundreds digit of 1140?
1
What is the hundreds digit of 68619?
6
What is the units digit of 47006?
6
What is the thousands digit of 10260?
0
What is the thousands digit of 99227?
9
What is the units digit of 331?
1
What is the units digit of 2665?
5
What is the tens digit of 334?
3
What is the units digit of 8564?
4
What is the thousands digit of 18985?
8
What is the units digit of 33461?
1
What is the thousands digit of 3859?
3
What is the units digit of 93887?
7
What is the tens digit of 3475?
7
What is the thousands digit of 22890?
2
What is the tens digit of 7143?
4
What is the tens digit of 61555?
5
What is the ten thousands digit of 38178?
3
What is the units digit of 3675?
5
What is the ten thousands digit of 32650?
3
What is the thousands digit of 12443?
2
What is the hundreds digit of 2317?
3
What is the hundreds digit of 4804?
8
What is the ten thousands digit of 34302?
3
What is the hundreds digit of 506?
5
What is the units digit of 2469?
9
What is the thousands digit of 1727?
1
What is the units digit of 5068?
8
What is the units digit of 467?
7
What is the thousands digit of 51972?
1
What is the hundreds digit of 32738?
7
What is the units digit of 114?
4
What is the hundreds digit of 94379?
3
What is the hundreds digit of 17991?
9
What is the tens digit of 395?
9
What is the hundreds digit of 11391?
3
What is the tens digit of 7492?
9
What is the hundreds digit of 2707?
7
What is the units digit of 58937?
7
What is the thousands digit of 43357?
3
What is the thousands digit of 1677?
1
What is the units digit of 6950?
0
What is the units digit of 39763?
3
What is the units digit of 28286?
6
What is the tens digit of 84601?
0
What is the tens digit of 47992?
9
What is the thousands digit of 1523?
1
What is the thousands digit of 35178?
5
What is the tens digit of 43031?
3
What is the units digit of 4385?
5
What is the tens digit of 13581?
8
What is the units digit of 54330?
0
What is the hundreds digit of 99190?
1
What is the units digit of 11093?
3
What is the hundreds digit of 19144?
1
What is the units digit of 55520?
0
What is the thousands digit of 4097?
4
What is the tens digit of 1370?
7
What is the hundreds digit of 643?
6
What is the thousands digit of 3525?
3
What is the thousands digit of 80611?
0
What is the units digit of 2338?
8
What is the hundreds digit of 3645?
6
What is the hundreds digit of 835?
8
What is the units digit of 1428?
8
What is the units digit of 364?
4
What is the tens digit of 883?
8
What is the hundreds digit of 2964?
9
What is the thousands digit of 10402?
0
What is the hundreds digit of 5509?
5
What is the hundreds digit of 1476?
4
What is the tens digit of 497?
9
What is the tens digit of 11578?
7
What is the tens digit of 94282?
8
What is the units digit of 4609?
9
What is the thousands digit of 2163?
2
What is the thousands digit of 22837?
2
What is the thousands digit of 13607?
3
What is the tens digit of 959?
5
What is the units digit of 12348?
8
What is the tens digit of 69242?
4
What is the units digit of 17348?
8
What is the hundreds digit of 10742?
7
What is the units digit of 163790?
0
What is the units digit of 98627?
7
What is the tens digit of 7956?
5
What is the units digit of 4768?
8
What is the tens digit of 10155?
5
What is the thousands digit of 2362?
2
What is the thousands digit of 13037?
3
What is the hundreds digit of 1239?
2
What is the units digit of 1740?
0
What is the ten thousands digit of 63518?
6
What is the tens digit of 296?
9
What is the units digit of 3149?
9
What is the tens digit of 2534?
3
What is the hundreds digit of 13929?
9
What is the hundreds digit of 1483?
4
What is the tens digit of 110?
1
What is the units digit of 296?
6
What is the units digit of 9963?
3
What is the thousands digit of 20653?
0
What is the tens digit of 7961?
6
What is the ten thousands digit of 143350?
4
What is the units digit of 30975?
5
What is the hundreds digit of 814?
8
What is the hundreds digit of 711?
7
What is the hundreds digit of 5417?
4
What is the units digit of 947?
7
What is the tens digit of 824?
2
What is the thousands digit of 49862?
9
What is the ten thousands digit of 74692?
7
What is the tens digit of 16858?
5
What is the ten thousands digit of 13260?
1
What is the thousands digit of 1052?
1
What is the hundreds digit of 4635?
6
What is the hundreds digit of 4525?
5
What is the tens digit of 179019?
1
What is the hundreds digit of 20709?
7
What is the tens digit of 353?
5
What is the tens digit of 1872?
7
What is the thousands digit of 13227?
3
What is the hundreds digit of 8265?
2
What is the hundreds digit of 4686?
6
What is the hundreds digit of 2051?
0
What is the hundreds digit of 164606?
6
What is the thousands digit of 17093?
7
What is the units digit of 612?
2
What is the tens digit of 1547?
4
What is the units digit of 328?
8
What is the thousands digit of 21687?
1
What is the units digit of 326?
6
What is the tens digit of 640?
4
What is the hundreds digit of 188005?
0
What is the units digit of 38884?
4
What is the ten thousands digit of 37044?
3
What is the ten thousands digit of 10620?
1
What is the thousands digit of 18230?
8
What is the tens digit of 6615?
1
What is the units dig